9?
-284237
In base 12, what is -176571 - -494?
-176099
In base 13, what is -11774c3 + -4?
-11774c7
In base 15, what is -327c2a9 - -5?
-327c2a4
In base 4, what is -1 + -221330310331?
-221330310332
In base 6, what is 150535255 + -3?
150535252
In base 4, what is 20122 - -12000113?
12020301
In base 11, what is 10 - 9312770?
-9312760
In base 8, what is 132522623 + 4?
132522627
In base 10, what is -3562066 - -55?
-3562011
In base 5, what is -341434 + 32140?
-304244
In base 2, what is -1101000 + -11011111010100101111?
-11011111010110010111
In base 9, what is 4668627 + 0?
4668627
In base 8, what is 526 + -247713?
-247165
In base 15, what is -3e0 - -98e5?
9505
In base 16, what is -1f23 - 17c57?
-19b7a
In base 15, what is -4 + d5e4d3?
d5e4ce
In base 10, what is 4 + -70085?
-70081
In base 15, what is -be76a9 - 5?
-be76ae
In base 12, what is -4 + 101691ab?
101691a7
In base 10, what is -181 - -23398?
23217
In base 5, what is 203 - -3404223423?
3404224131
In base 12, what is 7a51b + 369?
7a888
In base 9, what is -54 - 122776?
-122841
In base 8, what is -107 + 23014242?
23014133
In base 14, what is -9b57 + 1d53?
-7c04
In base 10, what is 458 - 330248?
-329790
In base 5, what is -4402431112 - -2?
-4402431110
In base 3, what is -121100122221 - 1011?
-121100201002
In base 12, what is -7041 - 477?
-74b8
In base 10, what is -3360 + -56829?
-60189
In base 15, what is -3 + -2e7c46?
-2e7c49
In base 14, what is 5a4239 - -3?
5a423c
In base 9, what is -108183 + -2021?
-111214
In base 8, what is 22066 - -6115?
30203
In base 10, what is 728573 - 40?
728533
In base 8, what is 106463752 - 0?
106463752
In base 15, what is -38b2 - 30?
-38e2
In base 5, what is 434212212 - -104?
434212321
In base 12, what is -475351 - 1?
-475352
In base 9, what is -263 - -165544?
165271
In base 9, what is 1 - 22823588?
-22823587
In base 2, what is -100010101 - 11001001101010110?
-11001010001101011
In base 2, what is 10110010000100 + -1010011010111010?
-111101000110110
In base 4, what is -1002333313 - -112?
-1002333201
In base 14, what is -5d24 + -68?
-5d8c
In base 3, what is -2012011002021101 - 0?
-2012011002021101
In base 14, what is -116c + 1042?
-12a
In base 13, what is -4 + 427076?
427072
In base 12, what is 1790414b + -6?
17904145
In base 12, what is -15683a5 + 3?
-15683a2
In base 12, what is -139 + -67b158?
-67b295
In base 9, what is 26413660 + 0?
26413660
In base 15, what is -1681d6c5 + 1?
-1681d6c4
In base 4, what is -2 - -320303313332?
320303313330
In base 13, what is 44825a + 46b?
4486c8
In base 16, what is 5 + -5f25f?
-5f25a
In base 3, what is 1121222122000002022 - -2?
1121222122000002101
In base 9, what is 2237 - 7638?
-5401
In base 5, what is 1021201114323 - 10?
1021201114313
In base 9, what is 1131402 + 1?
1131403
In base 6, what is 440 - -33543332?
33544212
In base 4, what is -1220321031 - -101?
-1220320330
In base 6, what is -13 + 1055103220?
1055103203
In base 8, what is -2201554 - -4?
-2201550
In base 7, what is 2 + 455006452?
455006454
In base 16, what is 5 + -15cab4a?
-15cab45
In base 14, what is a8 + -752a1a?
-752952
In base 4, what is -23213200033 + -1?
-23213200100
In base 6, what is -23114 - -44550?
21432
In base 10, what is 3 - 1302658?
-1302655
In base 11, what is 51051 + 30?
51081
In base 14, what is -344a3bd + -3?
-344a3c2
In base 7, what is 36 - 44464213?
-44464144
In base 16, what is 9e1390 + 3?
9e1393
In base 15, what is 434474 - b?
434468
In base 16, what is -d - -16e3?
16d6
In base 13, what is c54764 + 22?
c54786
In base 15, what is -8 - -17b1c4?
17b1bb
In base 3, what is -20221 - -2201100122?
2201002201
In base 10, what is -352 - 4546?
-4898
In base 4, what is -11112011331 - 20?
-11112012011
In base 8, what is 100 + -2233720?
-2233620
In base 10, what is -2 + 53589788?
53589786
In base 12, what is -2568 - 1394a?
-162b6
In base 12, what is 7190 - 786?
6606
In base 9, what is -63708 + -2?
-63711
In base 12, what is 1a043 + -1734?
1850b
In base 3, what is 22110120 + -211121211?
-112011021
In base 12, what is 2535a3 + -284?
25331b
In base 14, what is -7c + -2359d6?
-235a74
In base 4, what is 2000202 + 3332?
2010200
In base 2, what is -100010 + -100100001100111110?
-100100001101100000
In base 14, what is -6 + ca54a46?
ca54a40
In base 13, what is a - -2a624a?
2a6257
In base 7, what is -420 + -31263521?
-31264241
In base 15, what is 5 + 9257d7c?
9257d82
In base 7, what is -4 + -4336460?
-4336464
In base 16, what is -e - -128315?
128307
In base 2, what is -1101000001110100000 - 1010?
-1101000001110101010
In base 6, what is 12032102 - -53?
12032155
In base 11, what is -28314 - -28?
-28297
In base 7, what is -11055650242 - 2?
-11055650244
In base 16, what is -14a1c81 + -7?
-14a1c88
In base 8, what is -2 + 41654273?
41654271
In base 10, what is 61109866 - -4?
61109870
In base 16, what is 21c - 10c58?
-10a3c
In base 13, what is 7660b - -251?
7685c
In base 10, what is -274 + 462996?
462722
In base 9, what is -10331 - -458?
-8762
In base 2, what is -10010000 - 110011011100100000?
-110011011110110000
In base 9, what is -553 + 102275?
101622
In base 2, what is -10010010010100101 - 111111110100?
-10011010010011001
In base 10, what is 46055827 + 9?
46055836
In base 7, what is 1133 - 1644431?
-1643265
In base 6, what is -1024532023 - -4?
-1024532015
In base 3, what is -20222011110112 - -222?
-20222011102120
In base 4, what is 1000233 - 3311030?
-2310131
In base 16, what is -8c - -9cc?
940
In base 13, what is 13b4 + 1a?
1401
In base 9, what is 40834 + -1146?
38677
In base 16, what is 0 - 35e6f?
-35e6f
In base 14, what is -1c2 + -20aa?
-228c
In base 7, what is 16 - -4050355?
4050404
In base 2, what is -111100110001101 - -100010110?
-111100001110111
In base 15, what is 1aa + ae10?
b0ba
In base 15, what is 3da2a8 - -18b?
3da444
In base 9, what is 4748 - 55347?
-50488
In base 15, what is 1 + -4b3a39?
-4b3a38
In base 3, what is 102010022102110111 + 0?
102010022102110111
In base 9, what is 1176012667 - 2?
1176012665
In base 12, what is 21a - -163401?
16361b
In base 9, what is 28224 + 336?
28561
In base 10, what is 1226 - -133?
1359
In base 14, what is -9b4c2339 + 4?
-9b4c2335
In base 12, what is a532a + 469?
a5797
In base 2, what is 110010000011 + 11100101111011001?
11101100001011100
In base 8, what is 26427577 + -2?
26427575
In base 3, what is 1021 - 1112000011201?
-1112000010110
In base 14, what is -141 + 2dc34?
2dad3
In base 9, what is 76 - -1348268?
1348355
In base 16, what is 11a629 + -8?
11a621
In base 9, what is -12 - -4438020?
4438007
In base 12, what is -9b2 + -8634?
-9426
In base 14, what is -2014a + 19?
-20131
In base 16, what is -1ba4 - -10599?
e9f5
In base 10, what is -638582 - 135?
-638717
In base 14, what is -181b7 + -3b1a?
-1bcd3
In base 11, what is -5 + 38053a4?
380539a
In base 13, what is -26b3 + -651?
-3034
In base 3, what is -12201 - 2201020101200?
-2201020121101
In base 14, what is -a8 + -4609d8?
-460aa2
In base 15, what is 39e8984 - -1?
39e8985
In base 7, what is -3 - 3540464?
-3540500
In base 8, what is 53253635 - 2?
53253633
In base 7, what is 2361426263 + -4?
2361426256
In base 4, what is -10 - 32331120221?
-32331120231
In base 7, what is -42 - -25013241?
25013166
In base 11, what is 284a25 + -16?
284a0a
In base 15, what is 582bd + 37?
58305
In base 11, what is 310 - 13a140?
-139930
In base 12, what is 6b492b + 24?
6b4953
In base 4, what is -2120013 - 11033232?
-13213311
In base 12, what is -69443 + a15?
-6862a
In base 15, what is 10d27a + -58e?
10cbdb
In base 4, what is 1112100033 - 130233?
1111303200
In base 12, what is 130aa916 + 5?
130aa91b
In base 3, what is 10 + 102120211201112?
102120211201122
In base 15, what is -25e0 - b253?
-d843
In base 9, what is 2561845 - 7?
2561837
In base 12, what is 4a354 + -32?
4a322
In base 5, what is -1200144 - -313?
-1144331
In base 4, what is -13122001031 + 3311?
-13121331120
In base 4, what is -110301232233 + 0?
-110301232233
In base 12, what is -75 - 1399?
-1452
In base 6, what is -311400110 - 4?
-311400114
In base 10, what is 24620752 + 4?
24620756
In base 9, what is -163 + 31665?
31502
In base 12, what is -38 - 48b9?
-4935
In base 15, what is -19c - 6c968?
-6cb15
In base 2, what is 1000011 - -100100010010100011001?
100100010010101011100
In base 13, what is 103 - 1043c?
-10339
In base 9, what is -1347708155 - 5?
-13